{"id":1197,"date":"2019-10-10T18:29:32","date_gmt":"2019-10-10T21:29:32","guid":{"rendered":"https:\/\/ifd8-nqn.infd.edu.ar\/sitio\/?page_id=1197"},"modified":"2019-10-10T18:29:32","modified_gmt":"2019-10-10T21:29:32","slug":"extension-2019","status":"publish","type":"page","link":"https:\/\/ifd8-nqn.infd.edu.ar\/sitio\/extension-2019\/","title":{"rendered":"Extensi\u00f3n 2019"},"content":{"rendered":"<div>\n<h1>\u00a0 Actividades realizadas<\/h1>\n<ul>\n<li class=\"yiv6014639861MsoNormal\"><span style=\"color: #ff00ff;\"><b><i><span lang=\"ES-AR\">\u00a0\u00a0\u00a0<\/span><\/i><\/b><u><span lang=\"ES-AR\">Jornadas:\u00a0<\/span><\/u><b><i><span lang=\"ES-AR\">Segundas Jornadas de Extensi\u00f3n e Investigaci\u00f3n en la Formaci\u00f3n Docente desde la Lengua\u00a0\u00a0y la Literatura.<\/span><\/i><\/b><\/span><\/li>\n<\/ul>\n<p class=\"yiv6014639861MsoNormal\"><span style=\"color: #ff00ff;\"><b><i><span lang=\"ES-AR\">\u201cInfancias y juventudes: pr\u00e1cticas del lenguaje. Literatura y sus lazos con otras artes.\u201d<\/span><\/i><\/b><\/span><\/p>\n<p class=\"yiv6014639861MsoNormal\"><span style=\"color: #ff00ff;\"><u><span lang=\"ES-AR\">Docentes a cargo:<\/span><\/u><span lang=\"ES-AR\">\u00a0Prof. Herrero In\u00e9s, Prof. Lauman Blanca, Prof. Lemos Fanny, Prof. Perez Agust\u00edn, Prof. Lamela Stella Maris,\u00a0\u00a0Tagliaferri Magdalena<\/span><\/span><\/p>\n<p class=\"yiv6014639861MsoNormal\"><span style=\"color: #ff00ff;\"><u><span lang=\"ES-AR\">Horas acreditables:<\/span><\/u><span lang=\"ES-AR\">\u00a036 hs. c\u00e1tedra<\/span><\/span><\/p>\n<ul>\n<li class=\"yiv6014639861MsoNormal\"><span style=\"color: #13b03d;\"><b><i><span lang=\"ES-AR\">\u00a0<\/span><\/i><\/b><u><span lang=\"ES-AR\">Curso taller:<\/span><\/u><span lang=\"ES-AR\">\u00a0\u201c<\/span><b><i><span lang=\"ES-AR\">Infancias\u00a0\u00a0actuales: Nuevas demandas que nos hacen repensar el rol docente e institucional en clave de inclusi\u00f3n\u201d.<\/span><\/i><\/b><\/span><\/li>\n<\/ul>\n<p class=\"yiv6014639861MsoNormal\"><span style=\"color: #13b03d;\"><u><span lang=\"ES-AR\">Docentes a cargo:<\/span><\/u><span lang=\"ES-AR\">\u00a0Prof. Herrero In\u00e9s<\/span><\/span><\/p>\n<p class=\"yiv6014639861MsoNormal\"><span style=\"color: #13b03d;\"><u><span lang=\"ES-AR\">Horas acreditables:<\/span><\/u><span lang=\"ES-AR\">\u00a040 hs. c\u00e1tedra<\/span><\/span><\/p>\n<ul>\n<li class=\"yiv6014639861MsoNormal\"><b><i><\/i><\/b><span style=\"color: #ff00ff;\"><u><span lang=\"ES-AR\">Ateneo Did\u00e1ctico y tutor\u00edas:\u00a0<\/span><\/u><b><i><span lang=\"ES-AR\">\u201cResignificando las pr\u00e1cticas del lenguaje en Salas de Nivel Inicial\u201d.<\/span><\/i><\/b><b><\/b><\/span><\/li>\n<\/ul>\n<p class=\"yiv6014639861MsoNormal\"><span style=\"color: #ff00ff;\"><u><span lang=\"ES-AR\">Docentes a cargo:<\/span><\/u><span lang=\"ES-AR\">\u00a0Prof. Komerovsky Julia y Prof. Lamela Stella Maris<\/span><\/span><\/p>\n<p class=\"yiv6014639861MsoNormal\"><span style=\"color: #ff00ff;\"><u><span lang=\"ES-AR\">Horas acreditables:<\/span><\/u><span lang=\"ES-AR\">\u00a018 hs. c\u00e1tedra<\/span><\/span><\/p>\n<ul>\n<li class=\"yiv6014639861MsoNormal\"><span style=\"color: #13b03d;\"><b><i><span lang=\"ES-AR\">\u00a0\u00a0<\/span><\/i><\/b><u><span lang=\"ES-AR\">Taller:\u00a0<\/span><\/u><b><i><span lang=\"ES-AR\">\u201c<\/span><span lang=\"ES-AR\">Resignificar pr\u00e1cticas \u00a0pedag\u00f3gicas en maternal de\u00a0<\/span><\/i><\/b><b><i><span lang=\"ES-AR\">45 d\u00edas a 2\/3 a\u00f1os\u201d<\/span><\/i><\/b><\/span><\/li>\n<\/ul>\n<p class=\"yiv6014639861MsoNormal\"><span style=\"color: #13b03d;\"><u><span lang=\"ES-AR\">Docentes a cargo:<\/span><\/u><span lang=\"ES-AR\">\u00a0Prof. Del Gobbo Vanina, Prof. Pi\u00f1as Silvina y Schro Gerardo<\/span><\/span><\/p>\n<p class=\"yiv6014639861MsoNormal\"><span style=\"color: #13b03d;\"><u><span lang=\"ES-AR\">Horas acreditables:<\/span><\/u><span lang=\"ES-AR\">\u00a030 hs. c\u00e1tedra<\/span><\/span><b><i><\/i><\/b><\/p>\n<ul>\n<li class=\"yiv6014639861gmail-MsoBodyText\"><span style=\"color: #ff00ff;\"><b><i>\u00a0\u00a0\u00a0\u00a0\u00a0\u00a0<\/i><\/b><u>Curso-Taller:<\/u><b>\u00a0\u201cMaestrxs Leyendo. Fortalecer comunidades literarias en aulas y salas\u201d<\/b><\/span><\/li>\n<\/ul>\n<p class=\"yiv6014639861MsoNormal\"><span style=\"color: #ff00ff;\"><u><span lang=\"ES-AR\">Docentes a cargo:<\/span><\/u><span lang=\"ES-AR\">\u00a0Prof. Propato Florencia y Prof. Lamela Stella Maris<\/span><\/span><\/p>\n<p class=\"yiv6014639861MsoNormal\"><span style=\"color: #ff00ff;\"><u><span lang=\"ES-AR\">Horas acreditables:<\/span><\/u><span lang=\"ES-AR\">\u00a028 hs. c\u00e1tedra<\/span><\/span><\/p>\n<ul>\n<li class=\"yiv6014639861MsoNormal\"><span style=\"color: #13b03d;\"><b><i><span lang=\"ES-AR\">\u00a0<\/span><\/i><\/b><u><span lang=\"ES-AR\">Encuentros:<\/span><\/u><span lang=\"ES-AR\">\u00a0<\/span><b><i><span lang=\"ES-AR\">\u201cFormaci\u00f3n de lectores en el Profesorado: Tertulias literarias dial\u00f3gicas\u201d<\/span><\/i><\/b><\/span><\/li>\n<\/ul>\n<p class=\"yiv6014639861MsoNormal\"><span style=\"color: #13b03d;\"><u><span lang=\"ES-AR\">Docentes a cargo:<\/span><\/u><span lang=\"ES-AR\">\u00a0Prof. Bossini Leonardo, Prof. Perez Agust\u00edn y Propato Florencia<\/span><\/span><\/p>\n<p class=\"yiv6014639861MsoNormal\"><span style=\"color: #13b03d;\"><u><span lang=\"ES-AR\">Horas acreditables:<\/span><\/u><span lang=\"ES-AR\">\u00a050 hs. c\u00e1tedra<\/span><\/span><\/p>\n<\/div>\n<ul>\n<li class=\"yiv6014639861MsoNormal\"><span style=\"color: #ff00ff;\"><b><span lang=\"ES-AR\">\u00a0<\/span><\/b><b><span lang=\"ES-AR\">Taller:\u00a0<\/span><\/b><b><span lang=\"ES-AR\">\u201cNarrativas de experiencias pedag\u00f3gicas: mirar-se-nos para hacer lugar a la escritura y la producci\u00f3n de saber\u201d<\/span><\/b><\/span><\/li>\n<\/ul>\n<p class=\"yiv6014639861MsoNormal\"><span style=\"color: #ff00ff;\"><u><span lang=\"ES-AR\">Docentes a cargo:<\/span><\/u><span lang=\"ES-AR\">\u00a0Prof. Stella Lamela y Lic. In\u00e9s Herrero<\/span><\/span><\/p>\n<p class=\"yiv6014639861MsoNormal\"><span style=\"color: #ff00ff;\"><u><span lang=\"ES-AR\">Horas acreditables:<\/span><\/u><span lang=\"ES-AR\">\u00a08 hs. c\u00e1tedra<\/span><\/span><\/p>\n<p class=\"yiv6014639861MsoNormal\"><span style=\"color: #ff00ff;\"><u><span lang=\"ES-AR\">Destinatarios<\/span><\/u><span lang=\"ES-AR\">: Docentes aspirantes a cargos directivos y vicedirectivos de los Niveles Primario, Inicial y Especial.<\/span><\/span><\/p>\n<ul>\n<li><b><span lang=\"ES-AR\">\u00a0\u00a0\u00a0\u00a0<span style=\"color: #13b03d;\">\u00a0\u00a0<\/span><\/span><\/b><span style=\"color: #13b03d;\"><b><span lang=\"ES-AR\">Conversatorio: \u201cAportes epistemol\u00f3gicos para pensar la relaci\u00f3n pedag\u00f3gica\u201d<\/span><\/b><\/span><\/li>\n<\/ul>\n<p class=\"yiv6014639861MsoNormal\"><span style=\"color: #13b03d;\"><u><span lang=\"ES-AR\">Docentes a cargo:<\/span><\/u><span lang=\"ES-AR\">\u00a0Lic. Jennifer Pollitzer, Prof. Anal\u00eda Arias y Mgt. Clara Chiclana<\/span><\/span><\/p>\n<p class=\"yiv6014639861MsoNormal\"><span style=\"color: #13b03d;\"><u><span lang=\"ES-AR\">Horas acreditables:<\/span><\/u><span lang=\"ES-AR\">\u00a04 hs. c\u00e1tedra<\/span><\/span><\/p>\n<p class=\"yiv6014639861MsoNormal\"><span style=\"color: #13b03d;\"><u><span lang=\"ES-AR\">Destinatarios<\/span><\/u><span lang=\"ES-AR\">: Docentes aspirantes a cargos directivos y vicedirectivos del Nivel Primario<\/span><\/span><\/p>\n<ul>\n<li class=\"yiv6014639861MsoNormal\"><span style=\"color: #ff00ff;\"><b><span lang=\"ES-AR\">\u00a0\u00a0\u00a0\u00a0\u00a0<\/span><\/b><b><span lang=\"ES-AR\">Encuentros \u201cLa Instituci\u00f3n escolar y el Equipo directivo, nuevos desaf\u00edos en el paradigma de la complejidad\u201d.<\/span><\/b><\/span><\/li>\n<\/ul>\n<p class=\"yiv6014639861MsoNormal\"><span style=\"color: #ff00ff;\"><u><span lang=\"ES-AR\">Docentes a cargo:<\/span><\/u><span lang=\"ES-AR\">\u00a0Lic. y Prof. Vanina Del Gobbo, Lic y Prof. Silvina Treviranus, Lic y Prof. Anotnio de Bernardin y Prof. Gerardo Schroh<\/span><\/span><\/p>\n<p class=\"yiv6014639861MsoNormal\"><span style=\"color: #ff00ff;\"><u><span lang=\"ES-AR\">Horas acreditables:<\/span><\/u><span lang=\"ES-AR\">\u00a030 hs. c\u00e1tedra<\/span><\/span><\/p>\n<p class=\"yiv6014639861MsoNormal\"><span style=\"color: #ff00ff;\"><u><span lang=\"ES-AR\">Destinatarios<\/span><\/u><span lang=\"ES-AR\">: Docentes aspirantes a cargos directivos y vicedirectivos del Niveles Primario<\/span><\/span><b><span lang=\"ES-AR\"><br \/>\n<\/span><\/b><\/p>\n<ul>\n<li class=\"yiv6014639861MsoNormal\"><span style=\"color: #13b03d;\"><b><span lang=\"ES-AR\">\u00a0\u00a0\u00a0<\/span><\/b><b><span lang=\"ES-AR\">\u201cI Jornada interniveles para pensarnos desde la ESI en las aulas\u201d<\/span><\/b><\/span><\/li>\n<\/ul>\n<p class=\"yiv6014639861MsoNormal\"><span style=\"color: #13b03d;\"><u><span lang=\"ES-AR\">Docentes a cargo:<\/span><\/u><span lang=\"ES-AR\">\u00a0Lic. Jennifer Pollitzer, Lic. In\u00e9s Herrero, Prof. Adri\u00e1n Thomsen, Prof. Florencia Propato, Prof. Magal\u00ed Monsalvo, Prof. Y Lic Elizabeth Reinoso, Prof. Bel\u00e9n Francese, Prof. Y Lic. Mariano Skliar<\/span><\/span><\/p>\n<p class=\"yiv6014639861MsoNormal\"><span style=\"color: #13b03d;\"><u><span lang=\"ES-AR\">Horas acreditables:<\/span><\/u><span lang=\"ES-AR\">\u00a07 hs. c\u00e1tedra<\/span><\/span><\/p>\n<p class=\"yiv6014639861MsoNormal\"><span style=\"color: #13b03d;\"><u><span lang=\"ES-AR\">Destinatarios<\/span><\/u><span lang=\"ES-AR\">:\u00a0<\/span><span lang=\"ES-AR\">Docentes del Nivel Primario de Alumine y \u00e1rea rural Distrito XI<\/span><\/span><\/p>\n<ul>\n<li class=\"yiv6014639861MsoNormal\"><span style=\"color: #ff00ff;\"><b><span lang=\"ES-AR\">\u00a0\u00a0\u00a0<\/span><\/b><b><span lang=\"ES-AR\">I JORNADA UNIFICADA\u00a0\u00a0INTERNIVELES DISTRITO XI POR LA ESCUELA INCLUSIVA:\u00a0\u00a0\u201cRepensar la pr\u00e1ctica docente para la inclusi\u00f3n\u201d<\/span><\/b><\/span><\/li>\n<\/ul>\n<p class=\"yiv6014639861MsoNormal\"><span style=\"color: #ff00ff;\"><u><span lang=\"ES-AR\">Docentes a cargo:<\/span><\/u><span lang=\"ES-AR\">\u00a0Lic. In\u00e9s Herrero, Lic. Fanny Lemos, Prof. Adri\u00e1n Thomsen, Prof. Y Lic. Laura Su\u00e1rez<\/span><\/span><\/p>\n<p class=\"yiv6014639861MsoNormal\"><span style=\"color: #ff00ff;\"><u><span lang=\"ES-AR\">Horas acreditables:<\/span><\/u><span lang=\"ES-AR\">\u00a07 hs. c\u00e1tedra<\/span><\/span><\/p>\n<p class=\"yiv6014639861MsoNormal\"><span style=\"color: #ff00ff;\"><u><span lang=\"ES-AR\">Destinatarios<\/span><\/u><span lang=\"ES-AR\">:\u00a0<\/span><span lang=\"ES-AR\">Docentes de los Niveles Primario, Medio, Inicial y Especial de Alumine y \u00e1rea rural Distrito XI<\/span><\/span><\/p>\n<ul>\n<li class=\"yiv6014639861MsoNormal\"><b><\/b><span style=\"color: #13b03d;\"><b><span lang=\"ES-AR\">Taller: \u201cConstruyendo el laboratorio escolar\u201d<\/span><\/b><\/span><\/li>\n<\/ul>\n<p class=\"yiv6014639861MsoNormal\"><span style=\"color: #13b03d;\"><u><span lang=\"ES-AR\">Docentes a cargo:<\/span><\/u><span lang=\"ES-AR\">\u00a0Prof. Selva Oyarzo, Prof. Fernando Capello y Lorena Aguilar<\/span><\/span><\/p>\n<p class=\"yiv6014639861MsoNormal\"><span style=\"color: #13b03d;\"><u><span lang=\"ES-AR\">Horas acreditables:<\/span><\/u><span lang=\"ES-AR\">\u00a050 hs. c\u00e1tedra<\/span><\/span><\/p>\n<ul>\n<li class=\"yiv6014639861MsoNormal\"><span style=\"color: #ff00ff;\"><b><span lang=\"ES-AR\">\u00a0\u00a0<\/span><\/b><b><span lang=\"ES-AR\">Curso-Taller: \u201cPrimera Infancia: constituci\u00f3n subjetiva, derechos y educaci\u00f3n\u201d<\/span><\/b><\/span><\/li>\n<\/ul>\n<p class=\"yiv6014639861MsoNormal\"><span style=\"color: #ff00ff;\"><u><span lang=\"ES-AR\">Docentes a cargo:<\/span><\/u><span lang=\"ES-AR\">\u00a0Lic. Herrero In\u00e9s y Lic. Lemos Fanny<\/span><\/span><\/p>\n<p class=\"yiv6014639861MsoNormal\"><span style=\"color: #ff00ff;\"><u><span lang=\"ES-AR\">Horas acreditables:<\/span><\/u><span lang=\"ES-AR\">\u00a030 hs. c\u00e1tedra<\/span><\/span><\/p>\n<ul>\n<li class=\"yiv6014639861gmail-MsoBodyText\"><span style=\"color: #13b03d;\"><b>\u00a0\u00a0<\/b><b>Curso-Taller:\u00a0\u201cCuidar es educar: Detecci\u00f3n, prevenci\u00f3n e intervenci\u00f3n en instituciones educativas frente a situaciones de Maltrato, violencia y\/o abuso en ni\u00f1os, ni\u00f1as y adolescentes\u201d<i><\/i><\/b><\/span><\/li>\n<\/ul>\n<p class=\"yiv6014639861MsoNormal\"><span style=\"color: #13b03d;\"><u><span lang=\"ES-AR\">\u00a0<\/span><\/u><u><span lang=\"ES-AR\">Docentes a cargo:<\/span><\/u><span lang=\"ES-AR\">\u00a0Prof. Herrero In\u00e9s, Prof. Lemos Fanny y Porf. Vieira Adriana<\/span><\/span><\/p>\n<p class=\"yiv6014639861MsoNormal\"><span style=\"color: #13b03d;\"><u><span lang=\"ES-AR\">Horas acreditables:<\/span><\/u><span lang=\"ES-AR\">\u00a040 hs. c\u00e1tedra<\/span><\/span><\/p>\n<ul>\n<li class=\"yiv6014639861MsoNormal\"><span style=\"color: #ff00ff;\"><b><span lang=\"ES-AR\">\u00a0\u00a0\u00a0\u00a0\u00a0\u00a0<\/span><\/b><b><span lang=\"ES-AR\">Taller: \u201cAcompa\u00f1ando la Maternidad, Embarazo y Nacimiento Eut\u00f3nico\u201d<u><\/u><\/span><\/b><\/span><\/li>\n<\/ul>\n<p class=\"yiv6014639861MsoNormal\"><span style=\"color: #ff00ff;\"><u><span lang=\"ES-AR\">Docentes a cargo:<\/span><\/u><span lang=\"ES-AR\">\u00a0Prof. Gianotti Mar\u00eda Andrea<\/span><\/span><\/p>\n<p class=\"yiv6014639861MsoNormal\"><span style=\"color: #ff00ff;\"><u><span lang=\"ES-AR\">Horas acreditables:<\/span><\/u><span lang=\"ES-AR\">\u00a050 hs. c\u00e1tedra<\/span><\/span><\/p>\n<ul>\n<li class=\"yiv6014639861MsoNormal\"><b><span lang=\"ES-AR\">\u00a0<span style=\"color: #13b03d;\">\u00a0\u00a0\u00a0\u00a0<\/span><\/span><\/b><span style=\"color: #13b03d;\"><b><span lang=\"ES-AR\">Taller: \u201cEl Ingl\u00e9s como herramienta de comunicaci\u00f3n y aprendizaje\u201d<\/span><\/b><\/span><\/li>\n<\/ul>\n<p class=\"yiv6014639861MsoNormal\"><span style=\"color: #13b03d;\"><u><span lang=\"ES-AR\">Docentes a cargo:<\/span><\/u><span lang=\"ES-AR\">\u00a0Prof. Mg. Chiclana Clara y\u00a0<\/span><span lang=\"ES-AR\">Prof. Cecilia V\u00e9scovi<\/span><\/span><\/p>\n<p class=\"yiv6014639861MsoNormal\"><span style=\"color: #13b03d;\"><u><span lang=\"ES-AR\">Horas acreditables:<\/span><\/u><span lang=\"ES-AR\">\u00a020 hs. c\u00e1tedra<\/span><\/span><\/p>\n<ul>\n<li class=\"yiv6014639861MsoNormal\"><span style=\"color: #ff00ff;\"><b><span lang=\"ES-AR\">\u00a0\u00a0\u00a0\u00a0\u00a0\u00a0<\/span><\/b><b><span lang=\"ES-AR\">Taller: \u201cPlaying with pronunciation\u201d<\/span><\/b><b><\/b><\/span><\/li>\n<\/ul>\n<p class=\"yiv6014639861MsoNormal\"><span style=\"color: #ff00ff;\"><u><span lang=\"ES-AR\">Docentes a cargo:<\/span><\/u><span lang=\"ES-AR\">\u00a0Prof. Mg. Chiclana Clara,\u00a0<\/span><span lang=\"ES-AR\">Prof. Cecilia V\u00e9scovi y Prof. Manuela Icar<\/span><\/span><\/p>\n<p class=\"yiv6014639861MsoNormal\"><span style=\"color: #ff00ff;\"><span lang=\"ES-AR\">\u00a0<\/span><u><span lang=\"ES-AR\">Horas acreditables:<\/span><\/u><span lang=\"ES-AR\">\u00a050 hs. c\u00e1tedra<\/span><\/span><\/p>\n<ul>\n<li class=\"yiv6014639861MsoNormal\"><b><span lang=\"ES-AR\">\u00a0\u00a0\u00a0<span style=\"color: #13b03d;\">\u00a0\u00a0<\/span><\/span><\/b><span style=\"color: #13b03d;\"><b><span lang=\"ES-AR\">Taller: \u201cNos pensamos desde la ESI, en el foro de Pl\u00e1stica\u201d<\/span><\/b><\/span><\/li>\n<\/ul>\n<p class=\"yiv6014639861MsoNormal\"><span style=\"color: #13b03d;\"><u><span lang=\"ES-AR\">Docentes a cargo:<\/span><\/u><span lang=\"ES-AR\">\u00a0Equipo de la Consejer\u00eda de G\u00e9nero (Jennifer Ana Pollitzer, Adri\u00e1n Thomsen, Mariano Skliar, In\u00e9s Herrero, Florencia Luciana Propatto, Bel\u00e9n Francese, Magal\u00ed Monsalvo, Elizabeth Reinoso, Silvina S\u00e1nchez Valdivia)<\/span><\/span><\/p>\n<p class=\"yiv6014639861MsoNormal\"><span style=\"color: #13b03d;\"><u><span lang=\"ES-AR\">Horas acreditables:<\/span><\/u><span lang=\"ES-AR\">\u00a012 hs. c\u00e1tedra<\/span><\/span><\/p>\n<ul>\n<li><span style=\"color: #ff00ff;\"><b><span lang=\"ES-AR\">\u00a0\u00a0\u00a0\u00a0\u00a0\u00a0<\/span><\/b><b><span lang=\"ES-AR\">Taller: \u201c\u00c1rea de Ingreso y Permanencia\u201d<\/span><\/b><\/span><\/li>\n<\/ul>\n<p class=\"yiv6014639861MsoNormal\"><span style=\"color: #ff00ff;\"><u><span lang=\"ES-AR\">Docentes a cargo:<\/span><\/u><span lang=\"ES-AR\">\u00a0Prof. Anal\u00eda Arias, Prof. Laura Suarez, Prof. Clara Chiclana y Prof. Agust\u00edn P\u00e9rez<\/span><\/span><\/p>\n<ul>\n<li class=\"yiv6014639861MsoNormal\"><b><span lang=\"ES-AR\">\u00a0\u00a0\u00a0\u00a0<\/span><\/b><span style=\"color: #13b03d;\"><b><span lang=\"ES-AR\">Taller: Ense\u00f1ar Ciencias Sociales en la escuela primaria y en el jard\u00edn de infantes<\/span><\/b><\/span><\/li>\n<\/ul>\n<p class=\"yiv6014639861MsoNormal\"><span style=\"color: #13b03d;\"><u><span lang=\"ES-AR\">Docentes a cargo:\u00a0<\/span><\/u><span lang=\"ES-AR\">\u00a0Stella Maris Lamela, Prof. Soledad Benegas y Prof, Adri\u00e1n Thomsen. Invitado: Winderbaum Silvio Daniel<\/span><\/span><\/p>\n<p class=\"yiv6014639861MsoNormal\"><span style=\"color: #13b03d;\"><u><span lang=\"ES-AR\">Horas acreditables:<\/span><\/u><span lang=\"ES-AR\">\u00a050 hs. c\u00e1tedra<\/span><\/span><\/p>\n<ul>\n<li class=\"yiv6014639861MsoNormal\"><span style=\"color: #ff00ff;\"><b><span lang=\"ES-AR\">\u00a0\u00a0<\/span><\/b><b><span lang=\"ES-AR\">Taller: KONELTUN MAPUZUNGUN MAPUZUGULETUAI\u00d1 (Internado ling\u00fc\u00edstico en mapuzungun)<\/span><\/b><\/span><\/li>\n<\/ul>\n<p class=\"yiv6014639861MsoNormal\"><span style=\"color: #ff00ff;\"><u><span lang=\"ES-AR\">Docentes a cargo:<\/span><\/u><span lang=\"ES-AR\">\u00a0Prof. M\u00f3nica Campas<\/span><\/span><\/p>\n<p class=\"yiv6014639861MsoNormal\"><span style=\"color: #ff00ff;\"><u><span lang=\"ES-AR\">Horas acreditables:<\/span><\/u><span lang=\"ES-AR\">\u00a050 hs. c\u00e1tedra<\/span><\/span><\/p>\n<ul>\n<li class=\"yiv6014639861MsoNormal\"><span style=\"color: #13b03d;\"><b><span lang=\"ES-AR\">\u00a0\u00a0<\/span><\/b><b><span lang=\"ES-AR\">Campamento-Taller \u201cI Encuentro Sentipensante. Naturaleza, Cuerpo y Arte\u201d<\/span><\/b><\/span><\/li>\n<\/ul>\n<p class=\"yiv6014639861MsoNormal\"><span style=\"color: #13b03d;\"><u><span lang=\"ES-AR\">Docentes a cargo:<\/span><\/u><span lang=\"ES-AR\">\u00a0Prof. Gianotti Mar\u00eda Andrea, Reyes Cynthia Yanet, Paiva Gabriela Felicia<\/span><\/span><\/p>\n<p class=\"yiv6014639861MsoNormal\"><span style=\"color: #13b03d;\"><u><span lang=\"ES-AR\">Horas acreditables:<\/span><\/u><span lang=\"ES-AR\">\u00a050 hs. c\u00e1tedra<\/span><\/span><\/p>\n<ul>\n<li class=\"yiv6014639861MsoNormal\"><span style=\"color: #99cc00;\"><span lang=\"ES-AR\">\u00a0<\/span><span style=\"color: #ff00ff;\"><b><span lang=\"ES-AR\">\u00a0<\/span><\/b><b><span lang=\"ES-AR\">Investigaci\u00f3n: \u201cContextos de crianza y derechos de la infancia\u201d<\/span><\/b><\/span><\/span><\/li>\n<\/ul>\n<p><span style=\"color: #ff00ff;\"><u><span lang=\"ES-AR\">Docentes a cargo:<\/span><\/u><span lang=\"ES-AR\">\u00a0Prof. Elizabeth Reinoso (Directora), Prof. Julia Komerovsky (Coordinadora), Prof. In\u00e9s Herrero (asesora), Prof. Magal\u00ed Leila Monsalvo (colaboradora), estudiantes 4\u00ba PEI (colaboradoras)<\/span><\/span><\/p>\n","protected":false},"excerpt":{"rendered":"<p>\u00a0 Actividades realizadas \u00a0\u00a0\u00a0Jornadas:\u00a0Segundas Jornadas de Extensi\u00f3n e Investigaci\u00f3n en la Formaci\u00f3n Docente desde la Lengua\u00a0\u00a0y la Literatura. \u201cInfancias y juventudes: pr\u00e1cticas del lenguaje. Literatura y sus lazos con otras artes.\u201d Docentes a cargo:\u00a0Prof. Herrero In\u00e9s, Prof. Lauman Blanca, Prof. Lemos Fanny, Prof. Perez Agust\u00edn, Prof. Lamela Stella Maris,\u00a0\u00a0Tagliaferri Magdalena Horas acreditables:\u00a036 hs. c\u00e1tedra \u00a0Curso &#8230; <a title=\"Extensi\u00f3n 2019\" class=\"read-more\" href=\"https:\/\/ifd8-nqn.infd.edu.ar\/sitio\/extension-2019\/\" aria-label=\"More on Extensi\u00f3n 2019\">[+]<\/a><\/p>\n","protected":false},"author":828,"featured_media":0,"parent":0,"menu_order":0,"comment_status":"closed","ping_status":"closed","template":"","meta":[],"acf":[],"_links":{"self":[{"href":"https:\/\/ifd8-nqn.infd.edu.ar\/sitio\/wp-json\/wp\/v2\/pages\/1197"}],"collection":[{"href":"https:\/\/ifd8-nqn.infd.edu.ar\/sitio\/wp-json\/wp\/v2\/pages"}],"about":[{"href":"https:\/\/ifd8-nqn.infd.edu.ar\/sitio\/wp-json\/wp\/v2\/types\/page"}],"author":[{"embeddable":true,"href":"https:\/\/ifd8-nqn.infd.edu.ar\/sitio\/wp-json\/wp\/v2\/users\/828"}],"replies":[{"embeddable":true,"href":"https:\/\/ifd8-nqn.infd.edu.ar\/sitio\/wp-json\/wp\/v2\/comments?post=1197"}],"version-history":[{"count":1,"href":"https:\/\/ifd8-nqn.infd.edu.ar\/sitio\/wp-json\/wp\/v2\/pages\/1197\/revisions"}],"predecessor-version":[{"id":1198,"href":"https:\/\/ifd8-nqn.infd.edu.ar\/sitio\/wp-json\/wp\/v2\/pages\/1197\/revisions\/1198"}],"wp:attachment":[{"href":"https:\/\/ifd8-nqn.infd.edu.ar\/sitio\/wp-json\/wp\/v2\/media?parent=1197"}],"curies":[{"name":"wp","href":"https:\/\/api.w.org\/{rel}","templated":true}]}}